its digit of 76802?
2
What is the tens digit of 244512?
1
What is the units digit of 5559509?
9
What is the thousands digit of 574271?
4
What is the thousands digit of 652283?
2
What is the hundreds digit of 886486?
4
What is the hundreds digit of 285383?
3
What is the thousands digit of 23664338?
4
What is the ten thousands digit of 917364?
1
What is the units digit of 1884799?
9
What is the ten millions digit of 24741994?
2
What is the units digit of 7195800?
0
What is the tens digit of 8698992?
9
What is the hundreds digit of 489024?
0
What is the hundreds digit of 18756?
7
What is the hundreds digit of 8545676?
6
What is the hundreds digit of 3897212?
2
What is the hundreds digit of 716739?
7
What is the hundreds digit of 200665?
6
What is the thousands digit of 350449?
0
What is the ten millions digit of 23218354?
2
What is the tens digit of 40611?
1
What is the hundreds digit of 2377106?
1
What is the thousands digit of 204288?
4
What is the units digit of 1363195?
5
What is the hundred thousands digit of 401353?
4
What is the thousands digit of 715263?
5
What is the thousands digit of 1123925?
3
What is the ten millions digit of 11185238?
1
What is the millions digit of 15838697?
5
What is the thousands digit of 957094?
7
What is the hundreds digit of 3541269?
2
What is the tens digit of 2352313?
1
What is the hundreds digit of 12909571?
5
What is the thousands digit of 1518627?
8
What is the hundred thousands digit of 1481455?
4
What is the hundred thousands digit of 5106503?
1
What is the millions digit of 1107238?
1
What is the units digit of 21173076?
6
What is the tens digit of 260099?
9
What is the hundred thousands digit of 380814?
3
What is the hundred thousands digit of 4405395?
4
What is the hundreds digit of 479218?
2
What is the hundred thousands digit of 214783?
2
What is the units digit of 5289866?
6
What is the thousands digit of 21900?
1
What is the tens digit of 2651698?
9
What is the units digit of 68096?
6
What is the hundreds digit of 50942?
9
What is the hundred thousands digit of 2259390?
2
What is the ten thousands digit of 146221?
4
What is the hundred thousands digit of 181604?
1
What is the thousands digit of 5988314?
8
What is the tens digit of 14978?
7
What is the ten thousands digit of 424775?
2
What is the millions digit of 4513239?
4
What is the thousands digit of 565363?
5
What is the ten thousands digit of 526016?
2
What is the tens digit of 1714033?
3
What is the hundreds digit of 359043?
0
What is the ten thousands digit of 2308771?
0
What is the hundred thousands digit of 1166806?
1
What is the thousands digit of 3180074?
0
What is the hundreds digit of 12894175?
1
What is the units digit of 14798226?
6
What is the tens digit of 13135915?
1
What is the hundreds digit of 2426939?
9
What is the hundreds digit of 176619?
6
What is the tens digit of 1041683?
8
What is the thousands digit of 191104?
1
What is the hundreds digit of 4901040?
0
What is the ten thousands digit of 68542?
6
What is the millions digit of 20317274?
0
What is the units digit of 181920?
0
What is the units digit of 6471522?
2
What is the units digit of 1495044?
4
What is the units digit of 8990137?
7
What is the ten thousands digit of 4933865?
3
What is the hundreds digit of 1014?
0
What is the hundred thousands digit of 16067286?
0
What is the hundred thousands digit of 1116239?
1
What is the units digit of 962533?
3
What is the millions digit of 37118565?
7
What is the millions digit of 4930271?
4
What is the units digit of 438452?
2
What is the units digit of 126050?
0
What is the thousands digit of 2766347?
6
What is the units digit of 16067957?
7
What is the hundred thousands digit of 245165?
2
What is the tens digit of 59819?
1
What is the units digit of 15704948?
8
What is the units digit of 360609?
9
What is the hundred thousands digit of 1165243?
1
What is the hundreds digit of 15811308?
3
What is the thousands digit of 1479756?
9
What is the tens digit of 1402037?
3
What is the millions digit of 10225620?
0
What is the hundreds digit of 3087947?
9
What is the units digit of 8426086?
6
What is the hundred thousands digit of 4617488?
6
What is the hundreds digit of 385266?
2
What is the millions digit of 9799045?
9
What is the hundred thousands digit of 9463461?
4
What is the tens digit of 7360197?
9
What is the thousands digit of 3262970?
2
What is the tens digit of 321298?
9
What is the thousands digit of 14979?
4
What is the ten thousands digit of 42981?
4
What is the units digit of 347603?
3
What is the millions digit of 32272161?
2
What is the units digit of 5470172?
2
What is the thousands digit of 2029525?
9
What is the ten thousands digit of 388282?
8
What is the tens digit of 270309?
0
What is the thousands digit of 11775555?
5
What is the tens digit of 25168174?
7
What is the ten thousands digit of 1626155?
2
What is the ten millions digit of 10919468?
1
What is the tens digit of 1039346?
4
What is the hundreds digit of 22208646?
6
What is the tens digit of 145347?
4
What is the hundreds digit of 1987181?
1
What is the tens digit of 681559?
5
What is the tens digit of 428580?
8
What is the thousands digit of 387571?
7
What is the hundreds digit of 154942?
9
What is the hundreds digit of 211730?
7
What is the ten millions digit of 17600753?
1
What is the units digit of 48064?
4
What is the thousands digit of 2035016?
5
What is the ten thousands digit of 147141?
4
What is the millions digit of 1857826?
1
What is the hundreds digit of 474088?
0
What is the ten thousands digit of 84056?
8
What is the ten thousands digit of 5952757?
5
What is the units digit of 218385?
5
What is the tens digit of 648983?
8
What is the tens digit of 2626355?
5
What is the hundred thousands digit of 5210521?
2
What is the tens digit of 56675?
7
What is the tens digit of 8310592?
9
What is the millions digit of 3507908?
3
What is the hundreds digit of 594582?
5
What is the thousands digit of 716389?
6
What is the ten thousands digit of 5178555?
7
What is the ten millions digit of 22140401?
2
What is the thousands digit of 318149?
8
What is the millions digit of 1014316?
1
What is the hundreds digit of 1469039?
0
What is the thousands digit of 29273?
9
What is the tens digit of 1659178?
7
What is the ten thousands digit of 403207?
0
What is the ten thousands digit of 2945172?
4
What is the tens digit of 8593086?
8
What is the units digit of 2248029?
9
What is the hundreds digit of 79911?
9
What is the thousands digit of 5083383?
3
What is the ten thousands digit of 21930915?
3
What is the millions digit of 6138237?
6
What is the hundred thousands digit of 1184652?
1
What is the ten millions digit of 10436418?
1
What is the hundred thousands digit of 2132493?
1
What is the tens digit of 7080534?
3
What is the thousands digit of 518024?
8
What is the units digit of 3447636?
6
What is the tens digit of 28646510?
1
What is the hundred thousands digit of 31146277?
1
What is the hundreds digit of 94450?
4
What is the hundreds digit of 249493?
4
What is the hundred thousands digit of 791050?
7
What is the thousands digit of 4321939?
1
What is the tens digit of 3000275?
7
What is the hundreds digit of 2421368?
3
What is the tens digit of 684279?
7
What is the thousands digit of 1386675?
6
What is the hundreds digit of 199859?
8
What is the hundred thousands digit of 1177609?
1
What is the units digit of 394455?
5
What is the ten millions digit of 12813705?
1
What is the thousands digit of 539303?
9
What is the hundred thousands digit of 3977164?
9
What is the units digit of 929638?
8
What is the hundreds digit of 11720115?
1
What is the tens digit of 194273?
7
What is the tens digit of 17367580?
8
What is the ten thousands digit of 4810015?
1
What is the millions digit of 4855581?
4
What is the ten thousands digit of 317428?
1
What is the ten thousands digit of 198306?
9
What is the ten thousands digit of 179386?
7
What is the ten millions digit of 32647195?
3
What is the hundreds digit of 165009?
0
What is the millions digit of 14386109?
4
What is the hundreds digit of 6231514?
5
What is the hundred thousands digit of 411907?
4
What is the ten millions digit of 20997401?
2
What is the hundreds digit of 4885885?
8
What is the thousands digit o